 the hundred thousands digit of 630893?
6
What is the tens digit of 1159511?
1
What is the ten thousands digit of 633718?
3
What is the thousands digit of 3731973?
1
What is the units digit of 2016584?
4
What is the ten thousands digit of 322421?
2
What is the ten thousands digit of 309804?
0
What is the tens digit of 178128?
2
What is the thousands digit of 13235253?
5
What is the tens digit of 2092058?
5
What is the millions digit of 1862385?
1
What is the thousands digit of 2209605?
9
What is the tens digit of 3101365?
6
What is the hundreds digit of 7912597?
5
What is the thousands digit of 200357?
0
What is the hundreds digit of 155599?
5
What is the hundred thousands digit of 424100?
4
What is the tens digit of 165582?
8
What is the tens digit of 1916824?
2
What is the hundreds digit of 1271353?
3
What is the hundreds digit of 321507?
5
What is the hundreds digit of 200193?
1
What is the thousands digit of 1036818?
6
What is the ten thousands digit of 5159687?
5
What is the ten thousands digit of 5510930?
1
What is the tens digit of 22665572?
7
What is the hundred thousands digit of 234035?
2
What is the millions digit of 23805465?
3
What is the ten thousands digit of 26729?
2
What is the hundred thousands digit of 288100?
2
What is the hundred thousands digit of 8200619?
2
What is the hundred thousands digit of 1539391?
5
What is the hundred thousands digit of 8931691?
9
What is the hundreds digit of 651605?
6
What is the hundreds digit of 32188?
1
What is the units digit of 3055164?
4
What is the hundred thousands digit of 13307392?
3
What is the units digit of 3097299?
9
What is the units digit of 113982?
2
What is the ten thousands digit of 991828?
9
What is the hundreds digit of 2898?
8
What is the tens digit of 337256?
5
What is the thousands digit of 1744377?
4
What is the thousands digit of 6653029?
3
What is the hundreds digit of 799290?
2
What is the hundred thousands digit of 2565416?
5
What is the tens digit of 372365?
6
What is the hundred thousands digit of 3494827?
4
What is the hundred thousands digit of 199742?
1
What is the thousands digit of 108704?
8
What is the ten thousands digit of 6747450?
4
What is the ten thousands digit of 533051?
3
What is the units digit of 5563466?
6
What is the tens digit of 215279?
7
What is the thousands digit of 148447?
8
What is the tens digit of 2374891?
9
What is the hundreds digit of 25870238?
2
What is the hundreds digit of 95424?
4
What is the thousands digit of 872268?
2
What is the ten millions digit of 14547674?
1
What is the ten thousands digit of 92524?
9
What is the tens digit of 503160?
6
What is the hundreds digit of 10028732?
7
What is the thousands digit of 11783743?
3
What is the units digit of 547827?
7
What is the hundreds digit of 160360?
3
What is the thousands digit of 372375?
2
What is the hundreds digit of 350917?
9
What is the tens digit of 519002?
0
What is the millions digit of 4744362?
4
What is the thousands digit of 9307998?
7
What is the millions digit of 6235522?
6
What is the millions digit of 4052345?
4
What is the ten thousands digit of 121564?
2
What is the tens digit of 222577?
7
What is the hundred thousands digit of 339242?
3
What is the hundreds digit of 4939451?
4
What is the tens digit of 457766?
6
What is the units digit of 7480851?
1
What is the units digit of 354163?
3
What is the ten thousands digit of 83424?
8
What is the thousands digit of 255834?
5
What is the tens digit of 2094036?
3
What is the ten thousands digit of 508073?
0
What is the units digit of 182521?
1
What is the hundred thousands digit of 462655?
4
What is the hundreds digit of 81287?
2
What is the thousands digit of 2014873?
4
What is the millions digit of 3394927?
3
What is the units digit of 84511?
1
What is the hundreds digit of 6408285?
2
What is the hundred thousands digit of 1006469?
0
What is the tens digit of 6848451?
5
What is the hundred thousands digit of 3404040?
4
What is the hundreds digit of 683907?
9
What is the hundreds digit of 1886724?
7
What is the thousands digit of 2640536?
0
What is the thousands digit of 628785?
8
What is the hundred thousands digit of 243257?
2
What is the units digit of 12503202?
2
What is the hundred thousands digit of 1347389?
3
What is the ten thousands digit of 65474?
6
What is the ten thousands digit of 4305793?
0
What is the ten thousands digit of 4438546?
3
What is the units digit of 306993?
3
What is the thousands digit of 855643?
5
What is the thousands digit of 3007638?
7
What is the ten thousands digit of 709985?
0
What is the ten thousands digit of 839146?
3
What is the hundred thousands digit of 974621?
9
What is the thousands digit of 5120697?
0
What is the thousands digit of 3735936?
5
What is the hundred thousands digit of 113276?
1
What is the tens digit of 793473?
7
What is the tens digit of 12960151?
5
What is the tens digit of 23757116?
1
What is the hundred thousands digit of 7497274?
4
What is the hundreds digit of 12270655?
6
What is the hundred thousands digit of 937019?
9
What is the thousands digit of 250218?
0
What is the hundreds digit of 520427?
4
What is the hundred thousands digit of 165068?
1
What is the hundreds digit of 755472?
4
What is the units digit of 34356?
6
What is the hundreds digit of 9181537?
5
What is the hundreds digit of 9414788?
7
What is the tens digit of 3286468?
6
What is the hundreds digit of 50697?
6
What is the tens digit of 702556?
5
What is the tens digit of 736671?
7
What is the millions digit of 1414293?
1
What is the millions digit of 1318961?
1
What is the hundreds digit of 2438846?
8
What is the units digit of 9363475?
5
What is the units digit of 2396906?
6
What is the hundreds digit of 2611628?
6
What is the hundred thousands digit of 31097128?
0
What is the thousands digit of 10287871?
7
What is the millions digit of 4867836?
4
What is the ten thousands digit of 3430639?
3
What is the units digit of 4469243?
3
What is the units digit of 275184?
4
What is the hundreds digit of 1351860?
8
What is the hundred thousands digit of 3562886?
5
What is the ten thousands digit of 2892220?
9
What is the hundred thousands digit of 229252?
2
What is the hundred thousands digit of 510672?
5
What is the tens digit of 114021?
2
What is the ten thousands digit of 2953899?
5
What is the units digit of 216379?
9
What is the ten millions digit of 19033327?
1
What is the millions digit of 1979289?
1
What is the thousands digit of 77643?
7
What is the hundred thousands digit of 20382097?
3
What is the ten thousands digit of 1364643?
6
What is the millions digit of 13669654?
3
What is the tens digit of 658012?
1
What is the units digit of 80535?
5
What is the thousands digit of 866167?
6
What is the ten thousands digit of 229135?
2
What is the hundreds digit of 12044872?
8
What is the units digit of 1099208?
8
What is the hundred thousands digit of 1466611?
4
What is the tens digit of 17977541?
4
What is the hundreds digit of 2005945?
9
What is the thousands digit of 278860?
8
What is the ten thousands digit of 362373?
6
What is the ten thousands digit of 1661469?
6
What is the ten thousands digit of 39828?
3
What is the hundreds digit of 194476?
4
What is the ten thousands digit of 521868?
2
What is the hundreds digit of 91306?
3
What is the millions digit of 5294149?
5
What is the units digit of 4989049?
9
What is the hundreds digit of 195882?
8
What is the thousands digit of 5260675?
0
What is the thousands digit of 4246644?
6
What is the ten thousands digit of 5732579?
3
What is the ten thousands digit of 1377073?
7
What is the millions digit of 4204771?
4
What is the thousands digit of 241222?
1
What is the tens digit of 40195?
9
What is the hundred thousands digit of 469513?
4
What is the thousands digit of 19400240?
0
What is the ten thousands digit of 684718?
8
What is the hundred thousands digit of 1316675?
3
What is the millions digit of 22379494?
2
What is the units digit of 205753?
3
What is the units digit of 2876937?
7
What is the ten thousands digit of 4063108?
6
What is the millions digit of 27263708?
7
What is the thousands digit of 541885?
1
What is the units digit of 2068?
8
What is the tens digit of 11114970?
7
What is the hundreds digit of 25988?
9
What is the ten 